{"id":97,"date":"2024-02-11T20:40:49","date_gmt":"2024-02-11T19:40:49","guid":{"rendered":"https:\/\/wolga-kosaken.de\/wp2\/?page_id=97"},"modified":"2024-02-11T20:45:59","modified_gmt":"2024-02-11T19:45:59","slug":"impressum","status":"publish","type":"page","link":"https:\/\/wolga-kosaken.de\/wp2\/impressum\/","title":{"rendered":"Impressum"},"content":{"rendered":"\t\t<div data-elementor-type=\"wp-page\" data-elementor-id=\"97\" class=\"elementor elementor-97\">\n\t\t\t\t<div class=\"elementor-element elementor-element-eec08ee e-flex e-con-boxed e-con e-parent\" data-id=\"eec08ee\" data-element_type=\"container\" data-e-type=\"container\">\n\t\t\t\t\t<div class=\"e-con-inner\">\n\t\t\t\t<div class=\"elementor-element elementor-element-9acf6c2 elementor-widget elementor-widget-spacer\" data-id=\"9acf6c2\" data-element_type=\"widget\" data-e-type=\"widget\" data-widget_type=\"spacer.default\">\n\t\t\t\t<div class=\"elementor-widget-container\">\n\t\t\t\t\t\t\t<div class=\"elementor-spacer\">\n\t\t\t<div class=\"elementor-spacer-inner\"><\/div>\n\t\t<\/div>\n\t\t\t\t\t\t<\/div>\n\t\t\t\t<\/div>\n\t\t\t\t<div class=\"elementor-element elementor-element-7bbdfc3 elementor-widget elementor-widget-image\" data-id=\"7bbdfc3\" data-element_type=\"widget\" data-e-type=\"widget\" data-widget_type=\"image.default\">\n\t\t\t\t<div class=\"elementor-widget-container\">\n\t\t\t\t\t\t\t\t\t\t\t\t\t\t\t<img fetchpriority=\"high\" decoding=\"async\" width=\"300\" height=\"200\" src=\"https:\/\/wolga-kosaken.de\/wp2\/wp-content\/uploads\/2024\/02\/wilfried-1-300x200.jpg\" class=\"attachment-medium size-medium wp-image-102\" alt=\"\" srcset=\"https:\/\/wolga-kosaken.de\/wp2\/wp-content\/uploads\/2024\/02\/wilfried-1-300x200.jpg 300w, https:\/\/wolga-kosaken.de\/wp2\/wp-content\/uploads\/2024\/02\/wilfried-1-768x512.jpg 768w, https:\/\/wolga-kosaken.de\/wp2\/wp-content\/uploads\/2024\/02\/wilfried-1.jpg 800w\" sizes=\"(max-width: 300px) 100vw, 300px\" \/>\t\t\t\t\t\t\t\t\t\t\t\t\t\t\t<\/div>\n\t\t\t\t<\/div>\n\t\t\t\t\t<\/div>\n\t\t\t\t<\/div>\n\t\t<div class=\"elementor-element elementor-element-f3c2df2 e-flex e-con-boxed e-con e-parent\" data-id=\"f3c2df2\" data-element_type=\"container\" data-e-type=\"container\">\n\t\t\t\t\t<div class=\"e-con-inner\">\n\t\t\t\t<div class=\"elementor-element elementor-element-b80e2d4 elementor-widget elementor-widget-text-editor\" data-id=\"b80e2d4\" data-element_type=\"widget\" data-e-type=\"widget\" data-widget_type=\"text-editor.default\">\n\t\t\t\t<div class=\"elementor-widget-container\">\n\t\t\t\t\t\t\t\t\t<p>Impressum<\/p><p>Anbieter<br \/>Original Wolga Kosaken GBR<br \/>Geibelstra\u00dfe 3<\/p><p>32105 Bad Salzuflen<\/p><p>Tel.: 05222 \u2013 6474<\/p><p>EMail:\u00a0<a href=\"mailto:romanow@wolga-kosaken.de\">romanow@wolga-kosaken.de<\/a><br \/>Internet:\u00a0<a href=\"http:\/\/www.wolga-kosaken.de\/\">http:\/\/www.wolga-kosaken.de<\/a><\/p><p>Vertretungsberechtigter : Wilfried Romanow<\/p><p>Inhaltlich Verantwortlicher gem\u00e4\u00df \u00a7 6 MDStV: Wilfried Romanow<\/p><p>Haftungshinweis:<br \/>Trotz sorgf\u00e4ltiger inhaltlicher Kontrolle \u00fcbernehmen wir keine Haftung f\u00fcr die Inhalte externer Links. F\u00fcr den Inhalt der verlinkten Seiten sind ausschlie\u00dflich deren Betreiber verantwortlich.<\/p><p>Herausgeber<br \/>\u00a9 Copyright 2005, wolga-kosaken.de.<br \/>Ohne schriftliche Genehmigung ist es nicht gestattet Inhalte, Bilder oder Dateien f\u00fcr den eigenen Bedarf zu verwenden. Direkte Links zu unseren Seiten sind ohne unser Einverst\u00e4ndnis strengstens untersagt! Alle Markenzeichen sind Eigentum der jeweiligen Hersteller bzw. Herausgeber.<\/p>\t\t\t\t\t\t\t\t<\/div>\n\t\t\t\t<\/div>\n\t\t\t\t\t<\/div>\n\t\t\t\t<\/div>\n\t\t\t\t<\/div>\n\t\t","protected":false},"excerpt":{"rendered":"<p>Impressum AnbieterOriginal Wolga Kosaken GBRGeibelstra\u00dfe 3 32105 Bad Salzuflen Tel.: 05222 \u2013 6474 EMail:\u00a0romanow@wolga-kosaken.deInternet:\u00a0http:\/\/www.wolga-kosaken.de Vertretungsberechtigter : Wilfried Romanow Inhaltlich Verantwortlicher gem\u00e4\u00df \u00a7 6 MDStV: Wilfried Romanow Haftungshinweis:Trotz sorgf\u00e4ltiger inhaltlicher Kontrolle \u00fcbernehmen wir keine Haftung f\u00fcr die Inhalte externer Links. F\u00fcr den Inhalt der verlinkten Seiten sind ausschlie\u00dflich deren Betreiber verantwortlich. Herausgeber\u00a9 Copyright 2005, wolga-kosaken.de.Ohne schriftliche [&hellip;]<\/p>\n","protected":false},"author":1,"featured_media":0,"parent":0,"menu_order":0,"comment_status":"closed","ping_status":"closed","template":"","meta":{"footnotes":""},"class_list":["post-97","page","type-page","status-publish","hentry"],"_links":{"self":[{"href":"https:\/\/wolga-kosaken.de\/wp2\/wp-json\/wp\/v2\/pages\/97","targetHints":{"allow":["GET"]}}],"collection":[{"href":"https:\/\/wolga-kosaken.de\/wp2\/wp-json\/wp\/v2\/pages"}],"about":[{"href":"https:\/\/wolga-kosaken.de\/wp2\/wp-json\/wp\/v2\/types\/page"}],"author":[{"embeddable":true,"href":"https:\/\/wolga-kosaken.de\/wp2\/wp-json\/wp\/v2\/users\/1"}],"replies":[{"embeddable":true,"href":"https:\/\/wolga-kosaken.de\/wp2\/wp-json\/wp\/v2\/comments?post=97"}],"version-history":[{"count":7,"href":"https:\/\/wolga-kosaken.de\/wp2\/wp-json\/wp\/v2\/pages\/97\/revisions"}],"predecessor-version":[{"id":105,"href":"https:\/\/wolga-kosaken.de\/wp2\/wp-json\/wp\/v2\/pages\/97\/revisions\/105"}],"wp:attachment":[{"href":"https:\/\/wolga-kosaken.de\/wp2\/wp-json\/wp\/v2\/media?parent=97"}],"curies":[{"name":"wp","href":"https:\/\/api.w.org\/{rel}","templated":true}]}}